hat is -214002 (base 5) in base 12?
-4329
Convert bcb (base 13) to base 7.
5623
Convert 1111 (base 4) to base 8.
125
What is 10110110101000 (base 2) in base 11?
8866
Convert 102111112 (base 4) to base 7.
431635
-3a413 (base 11) to base 7
-330212
Convert -11033102 (base 4) to base 3.
-1002102202
What is 10367 (base 8) in base 3?
12221212
What is 11100000011000 (base 2) in base 5?
424420
-39356 (base 11) to base 8
-156006
-2414 (base 10) to base 4
-211232
What is 1053 (base 8) in base 10?
555
-111000111 (base 2) to base 11
-384
Convert 3336 (base 8) to base 15.
7c3
Convert 83a (base 12) to base 6.
5314
What is -6326 (base 7) in base 8?
-4261
Convert -12518 (base 11) to base 3.
-220120222
What is -26b (base 15) in base 2?
-1000100111
142322 (base 5) to base 2
1011101001010
ba7 (base 12) to base 8
3257
What is 1a6 (base 16) in base 7?
1142
Convert 320134 (base 5) to base 15.
3264
Convert 12a (base 16) to base 8.
452
What is 183b7 (base 13) in base 16?
b6ca
What is -11120 (base 6) in base 7?
-4356
-4120 (base 6) to base 5
-12122
-1232 (base 6) to base 12
-218
-2105 (base 8) to base 3
-1111111
What is -1120210101 (base 3) in base 7?
-156643
What is 26b (base 16) in base 13?
388
Convert -646 (base 11) to base 10.
-776
What is -148 (base 9) in base 2?
-1111101
228 (base 16) to base 15
26c
Convert 2001110 (base 3) to base 11.
1141
1010101011 (base 2) to base 15
308
-11111100111 (base 2) to base 6
-13211
1016 (base 9) to base 8
1350
-25466 (base 7) to base 5
-204021
-4160 (base 8) to base 12
-1300
54771 (base 10) to base 4
31113303
Convert 1242 (base 5) to base 10.
197
What is 4065 (base 10) in base 2?
111111100001
-101100010 (base 2) to base 8
-542
310 (base 9) to base 7
510
What is 25011 (base 6) in base 2?
111001011111
2115 (base 7) to base 4
23223
-10651 (base 8) to base 11
-3440
5331 (base 8) to base 14
1025
Convert -239 (base 16) to base 15.
-27e
What is -110222 (base 3) in base 12?
-252
Convert -1506 (base 7) to base 14.
-306
21405 (base 7) to base 8
12342
1666 (base 10) to base 2
11010000010
What is -11422 (base 6) in base 8?
-3206
-23ba7 (base 12) to base 5
-3021432
1000110100011 (base 2) to base 3
20012020
7374 (base 8) to base 16
efc
24554 (base 6) to base 13
1894
201202 (base 4) to base 12
12aa
Convert 135 (base 8) to base 2.
1011101
Convert -212120 (base 3) to base 15.
-2c6
What is 177b (base 12) in base 13?
139a
What is -10101221212 (base 3) in base 13?
-24689
Convert 14445 (base 8) to base 12.
3885
What is 9645 (base 12) in base 8?
40125
Convert -1321232 (base 4) to base 15.
-2495
-1635 (base 16) to base 15
-1a40
Convert 402436 (base 7) to base 15.
152c7
What is -5360 (base 12) in base 13?
-4215
-1355 (base 10) to base 13
-803
Convert 3679 (base 10) to base 16.
e5f
-658 (base 12) to base 7
-2501
What is -8b5 (base 16) in base 11?
-1747
What is 565 (base 15) in base 16?
4c4
Convert 3471 (base 14) to base 2.
10001110011011
Convert -401334 (base 5) to base 4.
-3012233
2024323 (base 5) to base 8
100500
Convert -3d56 (base 14) to base 8.
-25150
1121112 (base 3) to base 8
2227
-34774 (base 9) to base 13
-a762
edc2 (base 15) to base 9
76062
-41 (base 10) to base 4
-221
What is -124a (base 12) in base 4?
-200122
-10230023 (base 4) to base 16
-4b0b
Convert -9c26 (base 15) to base 11.
-22971
What is 846 (base 9) in base 14?
374
Convert -73f (base 16) to base 8.
-3477
What is -104f (base 16) in base 5?
-113200
Convert -1965 (base 16) to base 15.
-1dd6
What is 12122122 (base 3) in base 11?
3107
What is 39a4 (base 11) in base 12?
3010
What is -7703 (base 15) in base 5?
-1301303
What is -11201020 (base 3) in base 14?
-1375
Convert 465 (base 10) to base 9.
566
310132 (base 4) to base 14
131c
-19ba (base 16) to base 6
-50254
Convert -8c (base 16) to base 6.
-352
What is 7b (base 13) in base 12?
86
-18803 (base 9) to base 16
-32f4
Convert 4a24 (base 11) to base 14.
2568
-bcd (base 15) to base 14
-d88
2725 (base 10) to base 6
20341
231b (base 12) to base 13
1a1b
What is 101010000000000 (base 2) in base 11?
1517a
Convert 11855 (base 10) to base 5.
334410
-110101 (base 2) to base 9
-58
102222 (base 5) to base 11
2645
Convert -2021020 (base 3) to base 7.
-4551
Convert -1222 (base 10) to base 9.
-1607
23270 (base 11) to base 9
51066
1000011001111010 (base 2) to base 12
17b0a
-111010001111 (base 2) to base 15
-1187
214103 (base 5) to base 6
54135
-235 (base 6) to base 4
-1133
2182 (base 10) to base 15
9a7
Convert -202000 (base 3) to base 16.
-21c
What is 5666 (base 13) in base 12?
6bab
Convert -8a2 (base 15) to base 8.
-3640
10104 (base 8) to base 12
24b0
Convert -10689 (base 15) to base 5.
-3131404
110000221 (base 3) to base 8
21105
5634 (base 7) to base 15
909
713 (base 13) to base 5
14244
What is -1253 (base 10) in base 14?
-657
1145 (base 11) to base 10
1501
835a (base 14) to base 6
252420
-9386 (base 11) to base 4
-3002110
Convert 4933 (base 10) to base 3.
20202201
24603 (base 7) to base 16
1947
Convert 8a92 (base 11) to base 7.
46603
What is -503 (base 9) in base 7?
-1122
What is -19934 (base 13) in base 5?
-3044043
-100101110001001 (base 2) to base 10
-19337
Convert -137 (base 14) to base 4.
-3311
1022305 (base 6) to base 13
19883
What is 81 (base 15) in base 10?
121
16510 (base 7) to base 8
11147
Convert -2032013 (base 4) to base 9.
-13425
1298 (base 16) to base 13
2222
-5430 (base 6) to base 4
-103122
Convert 1100001000100 (base 2) to base 3.
22112002
What is -2886 (base 12) in base 2?
-1001001100110
Convert -2244 (base 5) to base 15.
-169
-13130 (base 5) to base 9
-1375
Convert -1a2b (base 14) to base 12.
-28b3
-2376a (base 11) to base 6
-422154
-1829 (base 15) to base 16
-145e
2eaf (base 16) to base 11
8a85
What is -9039 (base 14) in base 4?
-12002223
What is 1204 (base 5) in base 4?
2303
What is 330 (base 8) in base 3?
22000
-330122 (base 6) to base 14
-9d18
What is 336 (base 12) in base 11?
3a1
What is -3220 (base 5) in base 11?
-366
1323 (base 6) to base 15
179
-526 (base 7) to base 2
-100001001
What is -22122202 (base 4) in base 8?
-123242
Convert -446 (base 9) to base 14.
-1c2
Convert 21102 (base 5) to base 13.
83b
What is 1166 (base 10) in base 6?
5222
Convert 25211 (base 7) to base 5.
202443
Convert -9e69 (base 15) to base 6.
-415400
1141142 (base 5) to base 9
32342
Convert b8cd (base 15) to base 3.
1222122211
What is -164 (base 10) in base 5?
-1124
Convert -44546 (base 8) to base 7.
-105532
What is -42b (base 13) in base 7?
-2036
Convert -c0d (base 16) to base 5.
-44320
Convert -16a2 (base 11) to base 8.
-4171
What is -55a7 (base 14) in base 16?
-39ff
Convert 121311 (base 4) to base 14.
861
What is -2b6 (base 12) in base 3?
-120210
What is 12a05 (base 14) in base 7?
250505
Convert -522 (base 9) to base 4.
-12221
2cd (base 16) to base 2
1011001101
Convert -12 (base 7) to base 13.
-9
2031 (base 9) to base 16
5ce
14c6 (base 16) to base 12
30b2
What is -6005 (base 9) in base 2?
-1000100011011
Convert 2073 (base 16) to base 13.
3a20
Convert -9b6 (base 12) to base 4.
-112122
Convert -27aa8 (base 11) to base 9.
-60683
150 (base 7) to base 13
66
-1004 (base 8) to base 2
-1000000100
-810 (base 10) to base 16
-32a
-2818 (base 9) to base 5
-31443
Convert 42723 (base 10) to base 5.
2331343
Convert -3021 (base 4) to base 5.
-1301
-3550 (base 7) to base 10
-1309
Convert 11220 (base 4) to base 8.
550
What is -1725 (base 8) in base 5?
-12411
Convert 13522 (base 9) to base 5.
243143
Convert -310330 (base 4) to base 3.
-11122111
What is 14b (base 13) in base 15?
107
770 (base 13) to base 6
5522
What is 1348 (base 11) in base 3?
2101200
Convert -44004 (base 5) to base 10.
-3004
What is -516 (base 10) in base 9?
-633
Convert 17170 (base 8) to base 7.
31512
What is -7e4 (base 15) in base 12?
-1051
819 (base 15) to base 16
720
-3100213 (base 4) to base 9
-20274
-1011011111100 (base 2) to base 14
-2204
Convert -10111101011 (base 2) to base 10.
-1515
What is 123020 (base 5) in base 12?
2908
What is 19535 (base 10) in base 8?
46117
1011111001 (base 2) to base 12
535
Convert 29b (base 13) to base 9.
567
-473 (base 12) to base 14
-355
-596 (base 16) to base 14
-742
Convert 305410 (base 6) to base 13.
b241
Convert -1123 (base 4) to base 7.
-160
What is -1010100010 (base 2) in base 15?
-2ee
Convert -357 (base 12) to base 6.
-2151
Convert a09 (base 14) to base 10.
19